2/4)/((-4)/(-8)). Suppose k = -3*o + 13. What is the units digit of o?
4
Let o be ((-42)/(-9))/((-2)/(-6)). Suppose -2*q = 5*u - o - 17, -3*q + 4 = -u. Suppose -5*s + 10 + u = 0. What is the units digit of s?
3
Suppose 0*y = 4*y - 132. What is the units digit of y?
3
Let n(j) = 15*j + 1. Let w be 1 + 3 + (3 - 6). What is the units digit of n(w)?
6
Let d(w) be the third derivative of w**7/840 - w**6/40 + 7*w**4/24 + w**3/3 + 2*w**2. Let m(b) be the first derivative of d(b). What is the units digit of m(9)?
7
Suppose 3*b = -2*t - t + 474, -3*b = -t - 458. What is the hundreds digit of b?
1
Suppose -23 + 73 = 5*i. What is the units digit of i?
0
Let o(u) = u**2 + 13. Let g be o(0). Let a = g - 6. What is the units digit of a?
7
What is the tens digit of 6/(-3) - 7*-6?
4
Let d(n) = 18*n + 69. What is the tens digit of d(5)?
5
Let c(b) = -5*b**3 - 3*b**2 - 2*b + 3. Let q(h) = 10*h**3 + 7*h**2 + 5*h - 7. Let g(p) = -5*c(p) - 2*q(p). What is the units digit of g(1)?
5
Let p = 30 - 21. Let y = p + -9. Suppose y = -5*j - 29 + 104. What is the units digit of j?
5
Let z(p) be the third derivative of 0*p - 3*p**2 - 1/24*p**4 + 0 + 8/3*p**3. What is the units digit of z(10)?
6
Let s(h) = -4*h - 11. Let m = 5 + -14. What is the tens digit of s(m)?
2
Let z be 1/2 + 15/6. Suppose z*y = 4*y + 3. What is the units digit of (10 - y) + 3 + -3?
3
Let y be (-36)/(-30)*10/(-2). Let l = -5 - y. What is the units digit of l?
1
Suppose 3*x = -2*x + 135. What is the units digit of x*(-3 - (-6 - -2))?
7
Let q(a) = 16*a**2 + 5*a - 2. What is the units digit of q(-2)?
2
Let s = -4 - -8. Let w be s/14 - 6/21. Suppose -4*a + l + 19 = 0, -4*l + 11 + 9 = w. What is the units digit of a?
6
Suppose 2*w - 20 = -5*t, 3*w + 2*w + 4 = t. Let x = t + -1. What is the units digit of x?
3
Suppose m - 2*m = -3*h + 16, -40 = 3*m - 5*h. Let t = m + 24. What is the tens digit of t?
1
Suppose 0 = -0*y - 4*y. Suppose 0 = -5*z - 4*h + 25, 13 - 34 = 4*z - 5*h. Let f = z + y. What is the units digit of f?
1
Suppose -2*n - n = -36. Suppose 3*v = 5*f - v - 24, 0 = 4*f + 4*v - n. What is the units digit of f?
4
Let p(o) = 57*o + 5. Let v be p(3). Let a = v - 119. What is the units digit of a?
7
Suppose -3 = -k + 3*r + 6, 2*k + 4*r - 58 = 0. What is the units digit of k?
1
Suppose 2*t = 2*h - 2*t - 6, 0 = -3*h - 2*t + 41. What is the units digit of h?
1
Let w = -2 + 14. Let c = -7 + w. Suppose 11 = c*m - 14. What is the units digit of m?
5
Let j(u) be the third derivative of -u**4/24 - 5*u**3/3 - 3*u**2. Let l be j(-10). Let m(o) = o**3 - o + 11. What is the units digit of m(l)?
1
Let p be ((-21)/(-6))/(2/(-4)). Let x(h) = h**2 - 7. Let k be x(p). Suppose 0 = -4*t + 2*f + k, t - 31 = -t - f. What is the tens digit of t?
1
Let w = 113 - 55. What is the units digit of (w/5)/((-2)/(-5))?
9
Suppose n + 2*n = -129. Let t = -16 - n. What is the tens digit of t?
2
Let h(t) = t**3 + 11*t**2 - t - 8. Let p be 32/(-3) - 3/9. Let u be h(p). What is the units digit of -1 - u/((-6)/4)?
1
Suppose 0 = 8*h + 9*h - 7514. What is the hundreds digit of h?
4
Suppose -240 = -4*d - 0*d. What is the units digit of (2/3)/(2/d)?
0
What is the units digit of (-6)/(-4)*(-434)/(-21)?
1
Let f(i) = -3*i**3 + i - 2. What is the units digit of f(-3)?
6
Let h(a) = -5*a - 1. Let z be h(5). Let v = -16 - z. Suppose -7*d + 2*d + v = 0. What is the units digit of d?
2
Suppose g + 3*g - 2*p - 26 = 0, 5*p + 9 = 2*g. What is the units digit of g?
7
Let v(g) be the first derivative of -g**5/60 - g**4/3 - g**3 - g**2 - 2. Let l(x) be the second derivative of v(x). What is the units digit of l(-5)?
9
Let l(q) = -q - 3. Let a be l(-4). Let y = a + 7. What is the units digit of y?
8
Let q(i) = -i**3 - 7*i**2 + 23*i - 19. What is the units digit of q(-10)?
1
Suppose 4*x - 104 = -4*d, x = -5*d + 16 - 6. What is the units digit of x?
0
Suppose -94 = -3*n + 2*n. What is the units digit of n?
4
Suppose -4*t = -t - 60. What is the tens digit of t?
2
Let m be (31 - (4 - 2))*1. Let j = -18 + -3. Let s = j + m. What is the units digit of s?
8
Suppose 10*b - 1155 = 985. What is the units digit of b?
4
Let n(f) = f + 13. Let a be n(-9). Suppose 0 = 4*h - h - a*x - 62, -46 = -4*h - 2*x. Let v = -4 + h. What is the tens digit of v?
1
Let m be (-10)/(-15)*6*-4. Let a = m + 20. What is the units digit of a?
4
Suppose 2*z - 16 = 6*z, 2*c = -z + 314. What is the tens digit of c?
5
Suppose 0 = -6*q + 7*q - 20. What is the tens digit of q?
2
Let i be -6*5/(30/9). Let r = -4 - i. What is the units digit of r?
5
Let i = 24 - 12. What is the units digit of i?
2
Let z(p) = p**2 - 6*p - 5. Let t be z(7). Suppose t*m = 16 + 14. What is the units digit of m?
5
Let u(f) = 27*f - 20. What is the hundreds digit of u(9)?
2
Let z(d) = -d**3 + 2*d**2 - 3*d - 2. Let k be z(3). What is the tens digit of (-192)/k + 2/5?
1
Suppose -5*h - 10 = -20. What is the units digit of h?
2
Let d(g) be the first derivative of g**4/4 + 5*g**3/3 + g**2/2 - 4*g + 3. What is the units digit of d(-4)?
8
Suppose -4*j + 11 = -1. Suppose j*s = -2*s + 30. Let l = 19 - s. What is the tens digit of l?
1
Let n be -4*-1*2/4. Suppose -t + n*p - 3 = 0, 6*t - 3*t + 4 = 5*p. What is the units digit of t?
7
Let u(m) = -2*m + 5. Let f(n) = -n + 4. Let a(w) = -4*f(w) + 3*u(w). Let x = -15 + 10. What is the units digit of a(x)?
9
Let i(k) = k - 1. Let s = -5 - -8. What is the units digit of i(s)?
2
Suppose g = -3*g - 2*o + 58, 4*o - 20 = -2*g. Suppose 4*l - g = -p, 0 = 3*p - 0*l - 2*l - 48. What is the tens digit of p?
1
Let n = -63 - -180. What is the tens digit of n?
1
Let r = 2 - -1. Let a be 35/11 + 28/(-154). Suppose -2*d = -r - a. What is the units digit of d?
3
Let h(l) = -l**3 - 4*l**2 - 3*l + 2. Let o be (-4)/6*(-3)/(-2). Let j be -1 - 0 - (3 + o). What is the units digit of h(j)?
2
Let k = 9 - 5. What is the units digit of (2/4)/(k/48)?
6
Suppose -4*w + 2*w = -6. Let i be 106/8 - w/12. Let d = i - 9. What is the units digit of d?
4
Suppose -5*m - 77 = q - 4*q, -3*q = 5*m + 53. Let i = m - -25. Suppose 3*w - i = -3*b, -w - 3*w + 22 = 2*b. What is the units digit of w?
7
What is the tens digit of (3/2)/((-3)/(-216))?
0
Let r(m) = 2*m - 11. Let k be 84/10 - (-16)/(-40). What is the units digit of r(k)?
5
Let g(q) = -q**3 + 4*q**2 + 3*q - 3. Let z = 3 - -2. Suppose z*u - 2*u = 12. What is the units digit of g(u)?
9
Let b(o) = o**3 - 5*o**2 + 3*o + 4. What is the tens digit of b(5)?
1
Let r be 3 - (4 + -3) - -16. Suppose p - 30 = 5*f, -3*p - 2*f - f + r = 0. What is the tens digit of p?
1
Let s = 76 + -23. What is the units digit of s?
3
Let q(d) be the third derivative of -4*d**2 + 1/3*d**3 - 1/120*d**6 + 0*d + 0 - 1/12*d**4 + 1/15*d**5. What is the units digit of q(2)?
6
Suppose f - 5*c + 1 = 11, 0 = 2*f - c - 47. What is the units digit of (15/f)/(2/90)?
7
Let i(t) = -t**3 - t + 7. Let x = -4 - -7. Suppose 8*f - 3*f = 3*m - 6, -x*m = 4*f - 6. What is the units digit of i(f)?
7
Let k(n) = n**2 - n. Let j be k(2). Let q be (-5)/20*-2*0. Suppose -j*i = -q*i - 2. What is the units digit of i?
1
Suppose o - 4*o + 5*u + 25 = 0, 5*o - 3*u - 31 = 0. Suppose -86 = -o*h - 4*c, c = 3*h + 6*c - 62. What is the tens digit of h?
1
Let o(v) = v + 23. Let w be (-2)/4 + 69/(-6). What is the tens digit of o(w)?
1
Let s be (-30)/(-12)*(-4)/(-5). Let o = 1 - 1. Suppose o = -0*p - p + s. What is the units digit of p?
2
Let d = 39 - -66. What is the hundreds digit of d?
1
Let h(j) = 10*j - 56. What is the units digit of h(25)?
4
Let d = 4 + 26. What is the units digit of d?
0
Suppose -d + 0 + 9 = -c, d + 5*c + 3 = 0. What is the units digit of d?
7
Suppose 112 = 2*d + 2*d. What is the units digit of d?
8
Let v = 21 - 12. Let j = 12 + v. What is the units digit of j?
1
Let c = -4 + 13. What is the units digit of (-2)/3 - (-114)/c?
2
Let o be (-4)/18 - (-296)/36. What is the tens digit of (39/(-12))/((-2)/o)?
1
What is the units digit of (530/3 + 0)*(-6)/(-5)?
2
Suppose 5792 = 17*z - z. What is the tens digit of z?
6
Let k(c) = -11*c**3 + c**2 + c. Let d be 4/22 + 634/22. Suppose -4*r = -5*q + d, -q + 11 = -4*r + 2. What is the units digit of k(r)?
1
Let z = -53 - -99. What is the units digit of z?
6
Suppose 0 = 2*z - 3*z + 2. Suppose z*p - p - 10 = 0. What is the units digit of p?
0
Let k = 1 + 12. Let i = k + -8. What i